be the first derivative of -2*l**2 + 111*l + 17. Let c be r(20). Suppose 3*w + 0*w = 744. What is the greatest common divisor of c and w?
31
Suppose -146*r - 2184 = -74*r - 74*r. Calculate the highest common factor of 468 and r.
156
Let o(b) = 10*b**2 + 8*b - 8. Let p be o(-2). Calculate the highest common divisor of 880 and p.
16
Suppose 3*o + 18 - 21 = 0, g - o = 2789. What is the highest common factor of g and 18?
18
Let c = 94 - -25. Let m = 47582 - 47497. Calculate the greatest common divisor of m and c.
17
Let g(m) = -m**2 + 45*m + 64. Let q be g(46). Suppose 4*h + 3*w = 201, -3*h + 2*w - q = -190. What is the highest common divisor of h and 81?
27
Let j(h) = -2*h - 10. Let i be j(-7). Suppose c - 334 = -4*a, i*a = -0*a + 5*c + 346. Suppose -13*z + 80 = -193. What is the highest common factor of a and z?
21
Suppose 57 = 4*u - 87. Suppose -6*y = -5*y - u. Suppose -3*w + 0*m = 2*m - 42, -4*m - 48 = -5*w. Calculate the highest common divisor of y and w.
12
Let f = -7092 + 7122. Calculate the highest common divisor of f and 18.
6
Let l be (5 - -21)*1 - 3. Let y = -149 - -153. Calculate the greatest common divisor of l and y.
1
Let w(l) = -l**3 + 3 - 5 + 1 - 5 - l**3 + 80*l**2 - 77*l. Let i be w(39). Calculate the greatest common divisor of 99 and i.
33
Suppose c = -7, -5*l + 3 = -2*l + 3*c. Calculate the highest common divisor of 5992 and l.
8
Let z(n) = n**3 + 9*n**2 - 7*n - 83. Let i be z(-7). What is the highest common factor of 1856 and i?
64
Let k(z) = -48*z - 727. Let f be k(-74). What is the greatest common factor of f and 25?
25
Let w be 5 + 10/(150/60645). Calculate the greatest common divisor of 276 and w.
92
Suppose -10*l + 41706 = 11406. What is the greatest common factor of 10 and l?
10
Let n = 27 + -434. Let k = n - -591. Suppose -k = -4*i + 4*z + 108, -5*i - 4*z = -356. What is the greatest common divisor of i and 9?
9
Suppose 5*m + i - 541 = 2*i, -m + 5*i = -113. Suppose 102 = 3*b - 5*j, -2*j = 3*b - 5*j - m. What is the highest common factor of 13 and b?
13
Let v be 3055/130*(-1 - 459*-1). What is the highest common factor of v and 687?
229
Let z(m) = -2*m**2 - 135*m + 515. Let h be z(-71). Let v = -91 + 136. What is the greatest common factor of h and v?
9
Let h be (4 + 42/(-4) + 6)/((-4)/64). Calculate the greatest common divisor of h and 1156.
4
Let j(f) = f**2 + 7*f + 96. Let g be j(0). What is the greatest common divisor of g and 2544?
48
Let x = -149 - -263. Suppose 0 = -106*n + x*n - 288. What is the greatest common factor of 16 and n?
4
Suppose 0 = -4*z - 2*k + 80, 5*k + 13 = z - 29. Let g be 97/11 - (-4)/z. Calculate the greatest common divisor of 36 and g.
9
Let v = 21 - 15. Let x be 5*-4*(-264)/110. Calculate the greatest common factor of v and x.
6
Let t be ((-12)/(-15))/(64/2480). What is the highest common factor of 3193 and t?
31
Let r be (-3 - -41)/(22/385). Let g(z) = -5*z**3 - 5*z**2 - 2*z - 1. Let w be g(-3). Calculate the greatest common divisor of r and w.
95
Let u = 36 - 37. Let m be (-2 + 1)*u + 105. Calculate the highest common factor of m and 265.
53
Let i(a) = -a**2 + 36*a + 22. Let y be i(29). Let w(j) = -j**2 - 15*j - 5. Let p be w(-14). What is the highest common divisor of y and p?
9
Let s(g) = 2*g - 20. Let f be s(16). Let v = -112 - -85. Let l = f - v. Calculate the highest common factor of 39 and l.
39
Suppose 5 = -5*h, -3*a - h + 3*h - 1 = 0. Let f be ((-48)/7)/(a/42). Calculate the greatest common factor of 27 and f.
9
Let z(o) = -393*o + 21. Let q be z(0). What is the greatest common divisor of 287 and q?
7
Suppose -k - 240 = -4*k + 5*r, -5*k + 400 = -r. Let v be (72/(-40))/((-3)/k). What is the greatest common divisor of v and 84?
12
Suppose -107*i + 103*i + 36 = 0. Suppose 24*d + i*d - 858 = 0. Calculate the greatest common factor of 78 and d.
26
Let o be (-174)/(-45) + 235/75 + -3. Suppose f + n + o*n - 65 = 0, 229 = 3*f - 2*n. What is the greatest common factor of 225 and f?
75
Let t be 3/(-6)*(5 + -9). Suppose -15 = 13*z - t. Let p be (4/(-4))/(1*z/77). Calculate the greatest common divisor of p and 7.
7
Let o(i) = 298*i**2 - 1. Let j = -3 + 4. Let d be o(j). Suppose -31*y = -0*y + 3*y - 918. What is the highest common factor of y and d?
27
Let j = -69 + 69. Suppose j = -t + 4*f - 13 + 45, -4*t = -5*f - 73. Suppose -835 = -t*x + 65. What is the highest common divisor of x and 15?
15
Suppose -2*g + 2604 = -r, 0*g + 5*g - 6510 = -5*r. Calculate the highest common factor of 18 and g.
6
Let r = 32 - 27. Suppose -28 = r*a - 0*x + 2*x, -4*a + 5*x = -4. Let q = a - -6. Calculate the highest common factor of 12 and q.
2
Let n = -10626 - -17906. What is the greatest common divisor of n and 140?
140
Let j(i) = 5 + 5*i - 2 + 6*i**2 - 2 - 7*i. Let z be j(1). Suppose 0 = 2*q + f + 2*f - 38, -4*f = -z*q + 49. Calculate the greatest common divisor of q and 117.
13
Suppose 6*g - 8*g - 4*k + 672 = 0, 0 = 5*k - 20. Let l = 616 + g. Calculate the greatest common divisor of 16 and l.
16
Let w = -247 - -17572. What is the greatest common divisor of 55 and w?
55
Suppose -4*q = 38*p - 37*p - 477, -2022 = -4*p + 3*q. Calculate the greatest common divisor of 21 and p.
3
Let a = -6386 + 6393. Suppose 3*i + 19 = -4*q + 507, -3*i = 2*q - 250. Let x = 182 - q. Calculate the highest common factor of a and x.
7
Suppose -3*s = 97 + 35. Let i = 233 + -304. Let k = s - i. What is the greatest common factor of 18 and k?
9
Let z(p) = p**2 - 4*p - 26. Let t be z(10). What is the highest common divisor of t and 850?
34
Suppose 6*g - 34 = -82. Let v be g/6 + (-728)/(-42). Calculate the highest common factor of 24 and v.
8
Suppose -3*q = j - 97, -8*q + 3*q - 5*j = -145. Let n = -177 + 313. What is the highest common factor of n and q?
34
Let h(c) = -c**3 - 7*c**2 - 15*c - 12. Let p be h(-6). What is the highest common factor of 1218 and p?
42
Let w = -438 - -449. Let g(l) = 6*l**2 - 12*l - 43. Let h be g(w). Calculate the highest common divisor of h and 29.
29
Let k be 0 + 4 + -1 + 1. Suppose k*p + 33 = -7*p. Let y be -42*p/(-12)*-2. What is the highest common factor of y and 7?
7
Let s = 392 + -340. Suppose -21*w + 73*w = s. Suppose 0 = 2*m + 3*m - 25. Calculate the highest common divisor of m and w.
1
Let i(k) = -384*k - 1056. Let m be i(-4). Calculate the highest common factor of 608 and m.
32
Let t = 22 - 4. Let x be (3/9)/(2/(-6)). Let a be (-6)/(-21)*(6 - x). What is the greatest common factor of a and t?
2
Let n(p) = -4*p - 42. Let b be n(-11). Let v(z) = 11 + 10 + 7 + b*z - 20. Let f be v(5). Calculate the greatest common divisor of f and 54.
18
Let d be (-26)/(-7) + 6/21 + -2. Let y(r) = -4 - 4*r + 9*r**2 - 5*r**2 + 8*r. Let s be y(d). What is the greatest common divisor of s and 10?
10
Let y be (3 - 12)*23/3. Let p = y + 99. Let b be (15 - (4 + -100)) + 9. What is the highest common factor of b and p?
30
Suppose -2*m - 8 = 0, 1920*n - 1915*n - 3*m = 147. Calculate the highest common divisor of 2304 and n.
9
Let p = -452 - -469. Suppose 0 = 5*q - 10*q + 85. Calculate the greatest common factor of p and q.
17
Let f = 122 - 38. Suppose -3 = -3*t + 3. Suppose 3*b + c - 83 = t*c, -2*c + 2 = 0. Calculate the highest common factor of f and b.
28
Suppose -2*d = 2*m - 270, -16*m + 19*m - 270 = -2*d. Calculate the highest common divisor of d and 4320.
135
Suppose 4*s - 7*p - 4831 = -4*p, 3*s = 5*p + 3637. Suppose -5*j - s = -3*l, -7*l + 4*l + 4*j + 1205 = 0. Calculate the highest common factor of 31 and l.
31
Let o(f) = -f**3 - 4*f**2 + 6*f + 38. Let i be o(-4). Let u be 1/(i/17028) - 70/245. Calculate the greatest common factor of u and 19.
19
Suppose i - 187 - 213 = -60. Calculate the greatest common divisor of i and 187.
17
Suppose -39*y + 3795 + 1275 = 0. Calculate the greatest common factor of y and 715.
65
Let y = 34646 + -32741. What is the greatest common factor of 75 and y?
15
Suppose -9*g + 32 = 5. Suppose -g*l = -160 - 38. Let c be 2182/22 - 12/l. What is the greatest common divisor of 11 and c?
11
Suppose 4*p + 5083 = 3*y, -4*y + 991 + 5821 = -p. What is the greatest common divisor of 143 and y?
11
Suppose 1695*t + 37 = 2*a + 1700*t, -4*a - t = -29. What is the greatest common factor of a and 1494?
6
Suppose -4*w + 5*j = -460, 4*j - 7*j = -2*w + 230. Let h = -104 + w. What is the highest common divisor of 1